rime factors of 326428.
2, 79, 1033
List the prime factors of 816862.
2, 408431
What are the prime factors of 2048556?
2, 3, 53, 3221
List the prime factors of 2147775.
3, 5, 7, 4091
List the prime factors of 13787736.
2, 3, 574489
What are the prime factors of 688163?
7, 37, 2657
What are the prime factors of 2718355?
5, 543671
List the prime factors of 20008078.
2, 10004039
What are the prime factors of 3489986?
2, 1744993
List the prime factors of 2038101.
3, 13, 52259
What are the prime factors of 308036?
2, 53, 1453
List the prime factors of 1201549.
43, 27943
What are the prime factors of 497885?
5, 99577
List the prime factors of 876003.
3, 29, 10069
What are the prime factors of 7677457?
79, 157, 619
List the prime factors of 1335311.
23, 58057
What are the prime factors of 7450854?
2, 3, 29, 42821
What are the prime factors of 6762525?
3, 5, 7, 11, 1171
List the prime factors of 4109473.
359, 11447
List the prime factors of 1852727.
1852727
List the prime factors of 1661324.
2, 7, 59333
What are the prime factors of 460876?
2, 13, 8863
List the prime factors of 1392938.
2, 353, 1973
What are the prime factors of 18210842?
2, 13, 17, 41201
List the prime factors of 764328.
2, 3, 31847
List the prime factors of 18031923.
3, 7, 13, 41, 179
List the prime factors of 575234.
2, 11, 2377
What are the prime factors of 7278464?
2, 101, 563
What are the prime factors of 10157935?
5, 2031587
What are the prime factors of 141312?
2, 3, 23
What are the prime factors of 633068?
2, 101, 1567
What are the prime factors of 4421180?
2, 5, 221059
What are the prime factors of 25555823?
257, 99439
List the prime factors of 27770266.
2, 1249, 11117
What are the prime factors of 1364518?
2, 682259
What are the prime factors of 7791330?
2, 3, 5, 19, 13669
List the prime factors of 3223885.
5, 7, 92111
What are the prime factors of 517683?
3, 172561
List the prime factors of 415179.
3, 15377
List the prime factors of 3667581.
3, 407509
List the prime factors of 26065247.
13, 2005019
List the prime factors of 22612507.
239, 94613
List the prime factors of 24514478.
2, 379, 32341
What are the prime factors of 7474729?
131, 57059
List the prime factors of 328674.
2, 3, 54779
What are the prime factors of 10930387?
13, 601, 1399
What are the prime factors of 398716?
2, 99679
List the prime factors of 3310075.
5, 132403
What are the prime factors of 1366270?
2, 5, 317, 431
List the prime factors of 3809769.
3, 1269923
What are the prime factors of 1622646?
2, 3, 151, 199
What are the prime factors of 6961?
6961
What are the prime factors of 149516?
2, 37379
List the prime factors of 2284012.
2, 47, 12149
What are the prime factors of 17074399?
199, 239, 359
What are the prime factors of 365478?
2, 3, 60913
What are the prime factors of 858151?
7, 43, 2851
List the prime factors of 9231934.
2, 4615967
List the prime factors of 164862.
2, 3, 43, 71
What are the prime factors of 34737122?
2, 7, 107, 23189
What are the prime factors of 40705?
5, 7, 1163
What are the prime factors of 29631624?
2, 3, 11, 112241
List the prime factors of 1025384.
2, 128173
List the prime factors of 105380.
2, 5, 11, 479
What are the prime factors of 3431994?
2, 3, 17, 33647
What are the prime factors of 22998082?
2, 59, 194899
What are the prime factors of 174373?
41, 4253
What are the prime factors of 449135?
5, 43, 2089
What are the prime factors of 1676177?
199, 8423
List the prime factors of 20083669.
23, 823, 1061
List the prime factors of 9696383.
1097, 8839
List the prime factors of 497018.
2, 248509
List the prime factors of 2585185.
5, 191, 2707
What are the prime factors of 1103586?
2, 3, 11, 23, 727
List the prime factors of 1168105.
5, 233621
What are the prime factors of 248030?
2, 5, 17, 1459
List the prime factors of 4794321.
3, 7, 228301
List the prime factors of 8711232.
2, 3, 59, 769
List the prime factors of 4424.
2, 7, 79
List the prime factors of 11011710.
2, 3, 5, 23, 15959
List the prime factors of 8522789.
11, 774799
What are the prime factors of 823414?
2, 411707
List the prime factors of 5843354.
2, 11, 265607
What are the prime factors of 1988252?
2, 7, 17, 4177
List the prime factors of 1623714.
2, 3, 270619
List the prime factors of 1229484.
2, 3, 29, 3533
List the prime factors of 10231144.
2, 7, 11, 17, 977
List the prime factors of 390145.
5, 7, 71, 157
List the prime factors of 235457.
241, 977
What are the prime factors of 5549912?
2, 693739
What are the prime factors of 620142?
2, 3, 103357
What are the prime factors of 256714?
2, 47, 2731
List the prime factors of 476789.
29, 41, 401
List the prime factors of 210296.
2, 97, 271
What are the prime factors of 186947?
186947
List the prime factors of 966036.
2, 3, 19, 223
List the prime factors of 1861125.
3, 5, 7, 709
What are the prime factors of 282196?
2, 70549
List the prime factors of 6073689.
3, 587, 3449
What are the prime factors of 5044901?
5044901
List the prime factors of 4049087.
7, 578441
List the prime factors of 334435.
5, 211, 317
List the prime factors of 140908.
2, 35227
What are the prime factors of 1382846?
2, 619, 1117
What are the prime factors of 407206?
2, 97, 2099
What are the prime factors of 3987259?
3987259
List the prime factors of 771624.
2, 3, 7, 1531
List the prime factors of 117847.
191, 617
List the prime factors of 55167.
3, 7, 37, 71
What are the prime factors of 35112634?
2, 151, 233, 499
What are the prime factors of 32134?
2, 16067
List the prime factors of 2147332.
2, 11, 37, 1319
List the prime factors of 25820827.
233, 110819
List the prime factors of 121287.
3, 40429
What are the prime factors of 698279?
47, 83, 179
What are the prime factors of 3565467?
3, 47, 8429
What are the prime factors of 395510?
2, 5, 39551
What are the prime factors of 182802?
2, 3, 30467
List the prime factors of 145168.
2, 43, 211
List the prime factors of 362843.
13, 19, 113
List the prime factors of 2419582.
2, 11, 109, 1009
List the prime factors of 507483.
3, 113, 499
What are the prime factors of 53560?
2, 5, 13, 103
What are the prime factors of 341534?
2, 170767
List the prime factors of 17190846.
2, 3, 318349
What are the prime factors of 7374541?
2459, 2999
List the prime factors of 707486.
2, 13, 27211
What are the prime factors of 644146?
2, 322073
What are the prime factors of 64848?
2, 3, 7, 193
What are the prime factors of 4866869?
7, 19, 23, 37, 43
What are the prime factors of 989811?
3, 71, 1549
List the prime factors of 9451607.
11, 19, 41, 1103
What are the prime factors of 606189?
3, 202063
What are the prime factors of 247662?
2, 3, 13759
List the prime factors of 11003924.
2, 2750981
List the prime factors of 30114172.
2, 11, 41, 16693
List the prime factors of 2709874.
2, 1354937
List the prime factors of 970599.
3, 7, 46219
List the prime factors of 364473.
3, 13499
List the prime factors of 151283.
11, 17, 809
List the prime factors of 15747858.
2, 3, 7, 1543
What are the prime factors of 4427371?
13, 97, 3511
List the prime factors of 264964.
2, 7, 9463
List the prime factors of 2129721.
3, 11, 5867
List the prime factors of 9684212.
2, 2421053
What are the prime factors of 177670?
2, 5, 109, 163
List the prime factors of 121200.
2, 3, 5, 101
List the prime factors of 35040689.
17, 2061217
List the prime factors of 6902798.
2, 7, 239, 2063
What are the prime factors of 2596701?
3, 433, 1999
List the prime factors of 1396619.
7, 127, 1571
What are the prime factors of 126133?
7, 37, 487
What are the prime factors of 1466098?
2, 661, 1109
What are the prime factors of 660781?
11, 43, 127
What are the prime factors of 742659?
3, 247553
What are the prime factors of 6069047?
6069047
What are the prime factors of 1528193?
41, 37273
List the prime factors of 382426.
2, 11, 17383
List the prime factors of 3272414.
2, 67, 24421
What are the prime factors of 1380156?
2, 3, 115013
List the prime factors of 3671346.
2, 3, 7, 61, 1433
What are the prime factors of 859645?
5, 171929
What are the prime factors of 1217331?
3, 41, 3299
List the prime factors of 364593.
3, 121531
List the prime factors of 709629.
3, 43, 5501
What are the prime factors of 217342?
2, 271, 401
What are the prime factors of 37532461?
47, 223, 3581
List the prime factors of 455274.
2, 3, 8